nd t?
10
Suppose 135*s - 25227 - 1008603 = 0. Calculate the greatest common divisor of s and 14.
14
Suppose 11*l = 6395 - 752. What is the greatest common divisor of l and 95?
19
Let l be (-1488361)/(-16688) - (-6)/(-32). Calculate the greatest common factor of 19 and l.
1
Suppose 0 = 4*h + 4*o - 516, 5*h + o = 3*o + 624. Suppose 107*d - 110*d = -h. Suppose d*u = 37*u + 100. What is the greatest common divisor of 5 and u?
5
Suppose 4*o - 3*p - 28 = 128, 5*p - 39 = -o. Let s = o - 41. Let u be s - -11 - (-9 - -8). What is the greatest common divisor of 25 and u?
5
Let l be (-1)/(-6) - 2494/(-12). Suppose 69*h - l = 67*h. Suppose 3 = -3*m + 2*i + 27, -4*m = 3*i - 32. What is the highest common divisor of h and m?
8
Let u(o) = -72*o + 3. Let h be u(-1). Suppose -10 + 10 = -i. Suppose 2*n + n - 90 = i. Calculate the greatest common divisor of n and h.
15
Let k = -213 + 228. Let j be 138 - (6/(-1) - (-15)/k). Calculate the highest common factor of j and 65.
13
Let z(t) = 3 + t**2 + 1 + t + 9*t - 28. Let x be z(-12). Suppose 5*g = -2*r + 485, x = 3*g - 3*r + 2*r - 280. What is the greatest common factor of 19 and g?
19
Let g be 29414/1400*8 - (-6)/(-75). What is the highest common divisor of 632 and g?
8
Let a = -1821 + 1869. What is the highest common divisor of a and 544?
16
Let x be 153/1836 + (-5230)/(-24). Calculate the highest common divisor of x and 10900.
218
Suppose 5*h - 12*h + 8498 = 0. Suppose -12*s + h = 182. What is the highest common factor of s and 516?
86
Let q(z) = -z - 68. Let t(k) = -69. Let u(g) = 5*q(g) - 6*t(g). Let b be u(8). What is the highest common divisor of 544 and b?
34
Let n = -5364 - -6941. Calculate the greatest common factor of n and 83.
83
Suppose p - 6672 = -q, -3*p - 5*q + 5914 = -14098. Calculate the highest common divisor of p and 94.
94
Suppose 3*j + 579*q = 584*q + 20240, -4*j + q + 26998 = 0. Calculate the highest common divisor of 500 and j.
250
Suppose 4*r = 6*b - 310 - 548, -4*b = r - 561. Suppose 5*f - 233 = -o, -3*f + 5*o = -238 + 87. What is the highest common divisor of f and b?
47
Suppose -4*r = -3*b - 1167, 3*b = -2*r + 192 + 405. Let q = r - 158. What is the highest common divisor of 102 and q?
34
Let h be (-10 - -9)/((-1)/(-5)). Let n be h + (-217)/(-7) + -1. What is the greatest common divisor of 25 and n?
25
Suppose -6*m = 4*d - 7874, 16 = 5*d + 21. Calculate the greatest common factor of 208 and m.
13
Suppose 151*q - 260 = 141*q. What is the highest common divisor of 12116 and q?
26
Suppose -x - 3*o + 213 = -23, 0 = 3*x + 3*o - 732. What is the greatest common divisor of 152 and x?
8
Let w = -735 - -775. Let u be 6 + 66 + 2 + -2. Calculate the greatest common divisor of w and u.
8
Let v(w) = -w**2 - 16*w - 58. Let y be v(-8). Suppose 43*m + y*m - 2646 = 0. Calculate the highest common divisor of m and 6.
6
Let u = -680 + 799. What is the highest common divisor of 28 and u?
7
Suppose -216*w + 1403 = 113*w - 2545. Let n(u) = 3*u - 2*u**3 + 6*u**2 - u - 2*u**2. Let o be n(-3). Calculate the greatest common divisor of o and w.
12
Suppose -8755*x + 48125 = -8730*x. What is the highest common factor of x and 55?
55
Let l = 31 + -34. Let b = 409 + -265. Let v be (l*1)/((-6)/b*3). Calculate the highest common divisor of 12 and v.
12
Suppose -2*x + p + 815 = 0, 1148 + 844 = 5*x + 4*p. What is the greatest common divisor of x and 16362?
202
Let b = 158 + -112. Let a = -25 + b. Let q be (-1656)/(-115) - 8/20. What is the greatest common divisor of q and a?
7
Suppose 69*z = 14585 + 1975. Let s = 11 - -37. Calculate the greatest common factor of s and z.
48
Let r be (((-36)/(-16))/(-3))/(6/(-832)). What is the highest common divisor of r and 65?
13
Suppose 5*i - 25 = -2*u, -u + 0*u + 9 = 2*i. Calculate the greatest common divisor of i and 17.
1
Suppose -3*p = 3 - 6, f + 1 = 5*p. Let l(h) = 3*h**2 + 13*h + 56. Let x = -205 + 201. Let j be l(x). What is the greatest common factor of j and f?
4
Suppose 6*r - 94 = 20. Let t be (-5)/(-5)*(-2 - 9). Let j = r - t. Calculate the greatest common factor of 5 and j.
5
Suppose 3*w - 5*p = -315, 5*p = -2*w + 7*w + 535. Let n = w - -113. Suppose n*u = 17*u - 126. Calculate the highest common divisor of 9 and u.
9
Let l be 126/28*(-66)/(-27). Calculate the highest common factor of 3443 and l.
11
Suppose 0 = -3*l + 2*j - 292, 2*j - 5*j - 395 = 4*l. Let b = 253 - l. Calculate the greatest common divisor of b and 13.
13
Let p(l) = l**2 - l - 5. Let s be p(0). Let q = s + 6. Let u = q - -76. Calculate the greatest common factor of 7 and u.
7
Let p(q) = -17*q**2 - 704*q - 32. Let t be p(-41). Calculate the greatest common divisor of 645 and t.
15
Suppose -75 = -4*h + w, -h - 585 + 630 = 5*w. Calculate the greatest common factor of h and 5.
5
Suppose -26*x + 2*j - 266 = -29*x, x = j + 97. Calculate the highest common divisor of x and 8.
4
Suppose -2*f = 5*z - 368 - 138, 5*z = 5*f + 520. What is the highest common factor of 96 and z?
6
Suppose 802909 = 38*r + 234*r - 76467. What is the highest common factor of r and 183?
61
Suppose -3*n = -17*n + 56. Let d = 38 + -36. Suppose q + 0*k + 4*k = 20, -4*k - 40 = -d*q. What is the greatest common factor of q and n?
4
Suppose 28 = 3*z - 8. Let v = -13339 - -13381. What is the highest common factor of v and z?
6
Let n = 25193 - 24786. What is the highest common factor of n and 370?
37
Suppose 61*n - 555 = 299. What is the highest common factor of 11942 and n?
14
Let q be 1/(-5) + ((-2792)/40)/1. Let i = -61 - q. Let d = 101 - 11. Calculate the highest common divisor of d and i.
9
Let w be 1/(13*(-10)/(-19240)). What is the greatest common factor of 4699 and w?
37
Let l(r) be the second derivative of r**4/12 - r**3/2 + r**2 + r + 31. Let z be l(5). Calculate the highest common factor of 90 and z.
6
Let j = -85 - -125. Let y(h) = -54*h + 1786. Let w be y(29). Calculate the greatest common factor of j and w.
20
Let r = 5284 + -5239. Let t = 27 + -9. What is the highest common factor of t and r?
9
Let p be 4/(-22) + 9912/66. Let a(w) = 9 - 59*w**2 + 2*w + 56*w**2 + 3 - 3*w**3. Let s be a(-3). Calculate the greatest common divisor of p and s.
30
Let g be (-1 + (-4)/(-10))*(-780)/117. Let v = -28 - -72. Calculate the highest common factor of v and g.
4
Suppose -8*a + 841 = -2743. Suppose 30*v = 14*v + a. Calculate the highest common factor of v and 28.
28
Let n be -2*(-758 - -10)/1. Calculate the greatest common factor of 308 and n.
44
Let m = 17514 + -16370. Calculate the highest common factor of 24 and m.
8
Let q(g) = g**2 + g + 66. Let f be q(0). Let b be f/9*(-6)/(-4). Suppose 0 = -5*n, -4*l + 770 = l + 3*n - 4*n. What is the greatest common factor of l and b?
11
Suppose -542*v + 278*v + 276*v - 324 = 0. Let q(y) = y + 1053. Let x be q(0). Calculate the highest common factor of x and v.
27
Let n(d) = 48*d - 41. Let l be n(1). Suppose l*o = -297 + 528. What is the highest common factor of o and 88?
11
Suppose y - 4*y - 30 = -3*d, 2*y = -4. Suppose 0 = -4*j + d*j - 96. Let s = 58 - j. What is the greatest common factor of 34 and s?
34
Suppose 11*n - 6894 = -1350. Suppose -36*a = -39*a + n. What is the highest common divisor of a and 36?
12
Let a be 29607/69 - (1041/69 - 15). Let l = 82 - 49. Calculate the greatest common factor of a and l.
33
Let m = -107 + 121. Let v be 3 + (-1868)/(-14) + (-6)/m. Calculate the highest common divisor of 340 and v.
68
Let n = 13627 - 13349. Calculate the highest common divisor of 2 and n.
2
Let o be (1 + 14/(-28))/(2/56). What is the highest common divisor of 2429 and o?
7
Let p(c) = c**2 - 426*c - c**2 + 399*c + 2*c**2 - 39. Let x be p(15). Calculate the highest common divisor of 87 and x.
3
Let z = -12823 + 12857. Calculate the greatest common factor of z and 103.
1
Suppose 2*x - 2054 + 2030 = 0. Let c = 85 + -61. Calculate the greatest common divisor of c and x.
12
Let w be 418/3 + 41/(492/8). Calculate the greatest common divisor of w and 392.
28
Suppose v + 73*g - 123 = 75*g, -g + 369 = 3*v. What is the highest common factor of v and 1353?
123
Let r(z) = 2*z + 1. Let k(m) = 5*m**2 - 41*m - 6. Let b(i) = -k(i) - 6*r(i). Let u be b(5). What is the highest common factor of 5 and u?
5
Let t(w) = 7*w + 3. Let j be t(-6). Suppose 318 - 1576 = -17*g. Let r = j + g. What is the highest common divisor of 